 g = -4*r. List the prime factors of u.
3, 5
Suppose 4 = -2*q + 12. List the prime factors of q.
2
Let m = -88 + 152. List the prime factors of m.
2
Let t(b) = b**2 - b - 1. Let w(z) = -3*z**2 - 4*z + 8. Let y(p) = 2*t(p) + w(p). Suppose -v + 1 = 6. What are the prime factors of y(v)?
11
Let c(w) = w**2 + 2*w + 7. What are the prime factors of c(5)?
2, 3, 7
Let b be (-18)/(-4)*(-4)/(-6). Let t be -1 - (b - 2)*6. Let u = t - -11. What are the prime factors of u?
2
Let x(a) = a**2 + 5*a + 10. What are the prime factors of x(-8)?
2, 17
Let h(q) = -2*q - 2. Let f be h(-3). Suppose -f*p + 0 = -3*m - 20, 0 = 4*m. Let y = p + -2. List the prime factors of y.
3
Let v be 6 + -1 + 3/(-1). Suppose 3 = v*f - 33. What are the prime factors of f?
2, 3
Suppose 5*a - 2 = 4*a. Let h(t) = 9*t**2 + 6*t**a - 4*t**2 - t + 0*t**2. List the prime factors of h(-1).
2, 3
Suppose 0 = 2*k + 3*f - 9, 4*k - 3*f + 2*f - 39 = 0. Suppose 0 = -3*z + 21 - k. What are the prime factors of z?
2
Suppose 5*x + 12 = 7*x. Suppose 0 = -i + 5*o + 41, 2*i - 1 - x = -5*o. Suppose 2*t = 2*a + a, -2*t + i = a. List the prime factors of t.
2, 3
Suppose -3 = -v, 0 = 2*r - 0*r - 3*v - 47. What are the prime factors of r?
2, 7
Suppose -4 = 4*m + 3*q - 10, -16 = -4*m + 2*q. List the prime factors of 0 - m/(-1) - -7.
2, 5
Suppose 5*s + 15 = 3*c, -2*s = -5*c + 2*s + 38. Suppose -5*r - 15 = -c*r, 0 = -4*b + 4*r + 12. Suppose -2*x = -b*x + 52. List the prime factors of x.
13
Suppose -105 = -5*t + 500. Suppose 5*o = 3*l - t, -2*o - 3*l - 42 = -l. List the prime factors of (-1)/2 + o/(-2).
11
Suppose -1416 = -7*i - 268. List the prime factors of i.
2, 41
Let b = 93 - 65. Suppose -3*g = g - b. List the prime factors of g.
7
Let l be (-36)/21*(-21)/2. Suppose 3 = -3*x + 9. Suppose -l = -f - x. List the prime factors of f.
2
Suppose -2*h + 10 + 50 = 0. Let f = h + -11. List the prime factors of f.
19
Suppose 2*c = -2, -2*o + c + 64 = o. What are the prime factors of o?
3, 7
Let q(f) be the first derivative of -f**4/4 + 5*f**3/3 + f**2/2 - 4*f + 1. List the prime factors of q(4).
2
Let j be 1 + (-4)/2*1. Let g be (0 - -1) + (-1)/j. Suppose 4*c + 5*u - 15 = 0, 0*c + g*c - 7 = -3*u. List the prime factors of c.
5
List the prime factors of 2/6*(-4 - -13).
3
Let m = -8 - -9. List the prime factors of 55 + ((-16)/4)/m.
3, 17
Suppose v = 23 - 4. List the prime factors of v.
19
Let h = -10 + 66. What are the prime factors of h?
2, 7
Let m(h) = 50*h**2 + h. List the prime factors of m(1).
3, 17
Let o be 0 - (3 + 1 + -2). What are the prime factors of 400/10 + o + -1?
37
Let v(l) = -2*l - 10. Let s be v(-7). Suppose -s*p + 3*p = 18. List the prime factors of p/5*20/(-6).
2, 3
Suppose 3*v = -s + 149, 5*s - 332 = -5*v - 77. List the prime factors of v.
7
Suppose -n + 2*n = -2*t + 40, 5*n = -3*t + 74. Suppose 2*s - t = -2*i, 4*i + 3*s - 39 = -5. What are the prime factors of i?
7
Let h be (-26)/(-8) + (-18)/(-24). Suppose -9 = -h*m + m. Suppose -2*l - 5*x + 33 = 0, -l - x - m = -3*l. List the prime factors of l.
2
Suppose 50 - 74 = -2*v. Suppose 5*c - 2 = 8. Suppose c = -2*i + v. List the prime factors of i.
5
Suppose 0 = -4*t - t. Suppose t = -5*r - c + 55, 7*c = r + 2*c - 37. List the prime factors of (8/r)/((-4)/(-78)).
13
Let i(k) = -k**2 - 7*k + 3. Let h be i(-6). Let t be (-2)/h + 225/(-81). List the prime factors of (t/9)/((-3)/18).
2
Let p be (-2)/(-4) - 5/(-10). Let t = p + 6. Let a = t - -3. List the prime factors of a.
2, 5
Let p(b) = -4*b + 1 - 9 - 2*b + 2*b**2. List the prime factors of p(6).
2, 7
List the prime factors of (216/(-21))/(236/(-112) + 2).
2, 3
Suppose 3*d - 4*b - 298 = -64, d + 2*b - 88 = 0. What are the prime factors of d?
2, 41
Let t be 3/5*(-90)/(-27). Let m = t + 6. What are the prime factors of m?
2
What are the prime factors of (-10)/(-25)*-5*610/(-4)?
5, 61
Suppose 0 = 3*p - 4*p - 5. List the prime factors of (6 - 1) + (-10)/p.
7
Let w(k) = 70*k**2 - k - 4. List the prime factors of w(-2).
2, 139
Let k(a) = -a + 6. Let u be -3*1/(-2)*2. Suppose -2*r - 16 = -0*z - 2*z, 0 = -u*z + 6. What are the prime factors of k(r)?
2, 3
Let s(k) = -k**2 + k + 7. Let t(j) = 1. Let y(b) = s(b) + 3*t(b). List the prime factors of y(0).
2, 5
Let z = 0 - -2. Suppose 2*o = o - 2*a + 11, -2*o = z*a - 24. What are the prime factors of o?
13
Let g(f) = -f**3 + 13*f**2 + 4*f - 7. List the prime factors of g(13).
3, 5
Suppose 3*s - 4*s - 3*x = -55, -3*s - 3*x = -171. What are the prime factors of s?
2, 29
Let g = -11 + 26. Let p = g - 11. List the prime factors of 17/3 + p/12.
2, 3
Suppose -25 = 2*b - 5*b + 2*v, b + 2*v = 3. Let t = b + -3. What are the prime factors of t?
2
Suppose 0 = -4*r - f + 28, r - 5*r = -f - 20. Suppose 0*x - r = -3*x. What are the prime factors of x?
2
Suppose z + 246 = 2*z - 2*u, -3*z = -4*u - 734. List the prime factors of z.
2, 11
Let g be (-16)/(-7) + 4/(-14). Let a(k) = 9*k**2 + 3 + k - k**g - 2. List the prime factors of a(-1).
2
Suppose -6 = -4*f + 2. Suppose 5*d = -b + 8, -f*d + 5*b + 12 = -d. Suppose 5 = -4*x + 3*x + 4*t, 2*x - d = 2*t. List the prime factors of x.
3
Let h be (10/25)/(1/5). Suppose 28 = 2*s - 5*p, -3*p + 1 + h = s. What are the prime factors of s?
3
Let x be 30 + 2/(-3)*3. What are the prime factors of (-8)/x + 172/14?
2, 3
Let k(o) = -3*o**3 - 2*o**2 - o. Let h be k(-1). Let j = 4 - h. List the prime factors of (1 + j)*1 - -2.
5
Let h(j) = -26*j. List the prime factors of h(-1).
2, 13
Let h(k) = -k**2 + 17*k - 11. List the prime factors of h(12).
7
Suppose -5*k + 62 + 769 = 3*r, 3*k - 505 = -5*r. What are the prime factors of k?
3, 5, 11
Let j = -19 + -2. What are the prime factors of (-993)/j + (-6)/21?
47
Let s = -59 + 88. Suppose 5*g = -2*r + s, -15 = -r - 4*r - g. Suppose -4*f = -2*t, -7 = r*t - 15. List the prime factors of f.
2
Suppose 4*c - 32 = 2*c. Let n = c - -9. List the prime factors of n.
5
Let v(u) = -8*u. What are the prime factors of v(-1)?
2
Let d(p) = p**3 + 4*p**2 - 6*p - 1. Let m be (-43)/9 - (-6)/(-27). Let g be d(m). Suppose g = 2*b - 2. What are the prime factors of b?
3
Let d(y) = -4*y + 8. Suppose -3*t - 6 - 6 = 0. List the prime factors of d(t).
2, 3
Suppose -4*p = -3*g + 18, 2*g - 3*p = -4*p + 1. Suppose 84 = 4*r + g*b, -3*r + r + 42 = -4*b. What are the prime factors of r?
3, 7
Suppose 2*u - 9 - 19 = 0. List the prime factors of u.
2, 7
Let d be ((-9)/(-6))/(6/(-16)). Let z(t) = -t**3 - 3*t**2 + 2*t + 2. Let p be z(d). List the prime factors of (-46)/(-10) + 4/p.
5
Suppose 0 = w - 252 + 215. List the prime factors of w.
37
Suppose g = -15 - 7. Let v = g - -31. Suppose -5*p = -24 + v. List the prime factors of p.
3
Suppose -t + 0*t - 5*y = -23, 0 = 4*t - 4*y - 140. Suppose -j + t = 2*j. What are the prime factors of j?
11
Let c be 4/(-18) - 484/9. Let y be c/(-10) + 6/(-15). Let l = -1 + y. List the prime factors of l.
2
Suppose -4*r - 4*z = -52, -2*z - 10 = -4*r + 3*r. List the prime factors of 174/(-4)*r/(-18).
29
Let b = 15 + -2. Let z = 0 + b. Let m = -7 + z. List the prime factors of m.
2, 3
Suppose 4*y + 2*x = 346, 0 = -y + 3*x - x + 99. What are the prime factors of y?
89
Suppose 4*r - 555 = -4*j - j, -3*r - 2*j + 418 = 0. Suppose -k + r = 3*k. List the prime factors of k.
5, 7
Suppose -4*r - 915 = -9*r. Suppose 0 = 4*n + 3*b - 0*b - r, 121 = 3*n - b. What are the prime factors of n?
2, 3, 7
Suppose -o - 4*o - 40 = 0. Let l = o - -13. What are the prime factors of l?
5
Suppose -j = x - 1, 0 = 3*x + 2*x - 3*j - 13. Suppose -20 + 54 = -x*l. Let p = 2 - l. List the prime factors of p.
19
Suppose 0*k - k = -3*n - 99, -5*k + 495 = -5*n. What are the prime factors of k?
3, 11
Let f = -22 + 22. Suppose 2*z + 5*m - 2 + 9 = f, -m = 5. What are the prime factors of z?
3
Let s = 11 + 1. Suppose -h - 2*h + s = 0. Suppose -h*f + 2*f + 12 = 0. List the prime factors of f.
2, 3
Suppose v + 2*n + 0 = 11, 0 = 2*n - 8. List the prime factors of 0 + 1 - (-15)/v.
2, 3
Let x(p) = -12*p. Let o be (-4 - (4 - 2)) + 2. What are the prime factors of x(o)?
2, 3
Suppose 3*g = 4*k - 7 - 5, 2*k = -g + 6. Let f(j) = k*j**2 - 5*j**2 - 5 + 4*j + j**3 + 3. List the prime factors of f(2).
2, 3
Let b(t) = 8*t - 28. What are the prime factors of b(7)?
2, 7
Let d = -53 - -109. What are the prime factors of d?
2, 7
Let g(f) be the first derivative of -6*f